2*f - 5. Determine d(-3).
28
Let v(t) = -6*t + 3. Give v(-4).
27
Let x(q) = -q**2 - 14*q + 4. Calculate x(-13).
17
Let c(u) = u**2 + 5*u + 3. Calculate c(-6).
9
Let s(y) = y**3 + 47*y**2 - 51*y - 144. What is s(-48)?
0
Let c(q) = q**3 - 5*q**2 + 2*q + 1. What is c(2)?
-7
Let v(g) = -3*g - 17. Determine v(-7).
4
Let j(o) = 8*o**2 - 3*o - 2. Give j(2).
24
Let s(b) = -b**2 + 55. Calculate s(5).
30
Let a(h) = -2*h**3 - 10*h**2 + 8. Calculate a(-4).
-24
Let k(a) = -4*a. Calculate k(-7).
28
Let t(g) = -g**3 - 13*g**2 - 9. What is t(-13)?
-9
Let j(y) = 7*y + 6. Calculate j(2).
20
Let a(n) = -29*n + 1045. What is a(36)?
1
Let r(o) = 2*o - 41. What is r(0)?
-41
Let h(t) = t**2 + 3*t - 8. Determine h(-3).
-8
Let k(b) = 3*b + 1. What is k(-2)?
-5
Let w(a) = 28*a + 259. Give w(-10).
-21
Let t(d) = -d**3 + 10*d**2 - 7*d - 11. Determine t(9).
7
Let z(p) = 2*p**2 - 44*p + 240. Calculate z(8).
16
Let d(q) = -13*q - 127. Calculate d(-10).
3
Let q(x) = x**2 + 8*x - 2. Give q(-9).
7
Let t(v) = -28*v - 120. What is t(-4)?
-8
Let l(m) = 5*m - 121. What is l(28)?
19
Let t(y) = y**3 + 6*y**2 - 8*y - 8. Determine t(-7).
-1
Let v(r) = -8*r**2 + 48*r + 10. Give v(6).
10
Let l(t) = 7*t + 91. Determine l(-7).
42
Let p(o) = -o + 4. Give p(13).
-9
Let x(t) = -t**2 + 3*t + 35. What is x(-11)?
-119
Let p(w) = -2*w**2 - 38*w - 122. Determine p(-4).
-2
Let k(a) = -16*a**2 - 3*a + 3. Give k(2).
-67
Let y(k) = k**3 - 52*k + 23. What is y(7)?
2
Let m(x) = x**3 - 16*x**2 - 20*x + 19. Calculate m(17).
-32
Let u(n) = -3*n - 12. Give u(-4).
0
Let z(c) = 4*c**2 + 12*c - 4. Calculate z(-3).
-4
Let t(a) = -5*a + 2. Determine t(-3).
17
Let r(w) = -w**3 + 6*w**2 - 6*w. Give r(4).
8
Let d(c) = 7*c + 21. Give d(-15).
-84
Let h(x) = x**3 + 3*x + 2. Give h(-2).
-12
Let c(o) = o**3 - 14*o**2 + 22*o + 1. Determine c(12).
-23
Let p(y) = -8*y - 5. Give p(-4).
27
Let r(p) = 3*p**3 - p**2 - 3*p + 3. What is r(2)?
17
Let j(x) = 19*x - 22. Determine j(2).
16
Let u(s) = -s**3 + 11*s**2 - 19*s - 5. Calculate u(8).
35
Let n(g) = -17*g - 4. What is n(-3)?
47
Let n(b) = 2*b**2 - 7*b - 23. Determine n(5).
-8
Let r(p) = p**3 - 13*p**2 - 15*p + 16. Calculate r(14).
2
Let i(f) = -78*f - 228. What is i(-3)?
6
Let n(y) = -y**3 + 8*y**2 + 22*y - 18. Give n(10).
2
Let d(i) = 2*i**2 - i - 86. Calculate d(7).
5
Let i(n) = n**3 - 2*n**2 + 2. Determine i(1).
1
Let y(f) = 2*f**3 + 5*f**2 + 4*f. What is y(-3)?
-21
Let y(g) = -g**3 + g**2 + 8*g + 1. Give y(3).
7
Let g(m) = -4*m - 5. What is g(-3)?
7
Let l(t) = t**3 - 10*t**2 + 8*t + 28. Give l(8).
-36
Let u(t) = -12*t + 10. Calculate u(4).
-38
Let z(i) = -i**2 + 24*i - 111. Determine z(6).
-3
Let b(d) = d**3 - d**2 - d - 5. What is b(3)?
10
Let m(s) = -s**2 - 15*s + 12. What is m(-16)?
-4
Let z(x) = x - 8. Calculate z(-7).
-15
Let s(c) = c**2 - 18*c + 21. Give s(18).
21
Let z(j) = -j**2 + 19*j + 142. Give z(24).
22
Let q(v) = -2*v**2 - 11*v - 8. Give q(-4).
4
Let b(l) = 2*l**3 + 89*l**2 + 43*l - 47. Determine b(-44).
-3
Let x(k) = -4*k**2 + k - 9. Calculate x(-4).
-77
Let h(d) = -6*d + 57. Give h(8).
9
Let g(j) = -j**2 - 9*j - 7. Calculate g(-4).
13
Let a(d) = d + 24. What is a(-14)?
10
Let y(d) = -d**2 + 4*d + 29. Give y(6).
17
Let n(x) = -5*x**3 - 3*x**2 + 3. Calculate n(1).
-5
Let i(b) = b**3 + 5*b**2 - 374*b - 2. Give i(17).
-2
Let v(c) = 13*c + 14. What is v(-5)?
-51
Let b(o) = -o - 8. Calculate b(-7).
-1
Let d(x) = 9*x + 66. Determine d(-7).
3
Let p(m) = m**2 + 3*m - 4. Give p(-4).
0
Let q(d) = d**3 + 24*d**2 + 43*d - 21. Determine q(-22).
1
Let g(z) = -6*z + 63. Give g(11).
-3
Let w(n) = n**2 + 34*n + 259. What is w(-24)?
19
Let z(g) = -g**2 - 7*g + 14. Give z(-8).
6
Let x(k) = -3*k**3 - 2*k - 1. What is x(2)?
-29
Let n(c) = 3*c**2 + 14*c + 10. Calculate n(-3).
-5
Let w(x) = -x**3 - 27*x**2 - 70*x + 30. Calculate w(-24).
-18
Let k(j) = -32*j - 3. Determine k(0).
-3
Let w(l) = 2*l - 33. What is w(18)?
3
Let t(m) = -5*m + 81. Give t(-6).
111
Let f(c) = c**3 + 7*c**2 - 15*c - 25. What is f(-8)?
31
Let a(r) = r**3 + 10*r**2 + 7*r - 19. What is a(-9)?
-1
Let t(f) = -2*f - 5. Give t(-9).
13
Let p(i) = -i**3 + 6*i**2 - 4*i - 5. Determine p(5).
0
Let c(h) = -13*h + 80. Calculate c(6).
2
Let m(c) = -c**3 - 8*c**2 - 16*c + 2. Calculate m(-5).
7
Let q(j) = -8*j - 23. Determine q(-3).
1
Let r(l) = -l**2 - 5*l + 4. Determine r(-6).
-2
Let g(u) = u**3 + u**2 + u + 11. Determine g(0).
11
Let m(a) = 23*a - 950. Calculate m(41).
-7
Let p(g) = -5*g + 86. What is p(16)?
6
Let c(b) = b**2 + 15*b - 13. Give c(-16).
3
Let w(n) = n**3 - 13*n**2 + 12*n - 2. Calculate w(12).
-2
Let n(v) = -v**3 - 37*v**2 + 38*v + 31. Give n(-38).
31
Let m(n) = -n. Determine m(-6).
6
Let n(i) = -10*i + 74. Give n(8).
-6
Let n(u) = -4*u**2 - 66*u - 53. Determine n(-16).
-21
Let f(v) = -v**2 - 8*v + 34. Calculate f(-6).
46
Let a(j) = j**3 + j**2 - 5*j + 3. Determine a(3).
24
Let c(t) = -6*t - 9. What is c(-8)?
39
Let m(k) = -k**3 + 8*k**2 + k - 1. Determine m(8).
7
Let d(s) = s**2 + 24*s - 12. What is d(-25)?
13
Let k(i) = -5*i - 174. Give k(-30).
-24
Let p(v) = v**3 - 12*v**2 + 12*v - 16. What is p(11)?
-5
Let l(a) = -2*a**3 - 9*a**2 - 5*a - 2. Give l(-4).
2
Let i(s) = -50*s + 36. Give i(1).
-14
Let u(w) = -3*w**3 + 5*w**2 - w - 2. What is u(3)?
-41
Let q(m) = -3*m + 5. Give q(-2).
11
Let x(d) = d**3 - 6*d**2 + 3*d - 14. Determine x(6).
4
Let w(l) = l**3 + 7*l**2 + 3*l. Determine w(-3).
27
Let r(c) = -c**2 + 4*c - 4. Give r(8).
-36
Let b(y) = -y**2 - 20*y - 56. Determine b(-16).
8
Let k(p) = p**2 - 13*p + 9. Determine k(9).
-27
Let f(v) = -v**3 + 13*v**2 + 11*v - 16. Determine f(13).
127
Let k(p) = p**2 - 8*p + 3. What is k(5)?
-12
Let s(k) = k**2 + 11*k - 1. Calculate s(-11).
-1
Let n(z) = 16*z + 13. What is n(-3)?
-35
Let m(d) = -d**3 + 5*d**2 + 3*d - 1. Determine m(5).
14
Let m(k) = -3*k**2 - k. Give m(-1).
-2
Let b(d) = 16*d**2 - 112*d - 1. Give b(7).
-1
Let x(z) = z**2 - 3*z. What is x(6)?
18
Let j(m) = 5*m - 25. Calculate j(6).
5
Let n(k) = k**2 - 21*k - 159. What is n(-6)?
3
Let o(q) = q**2 - 14*q - 28. Calculate o(12).
-52
Let s(t) = -t**2 - 29*t - 82. Give s(-26).
-4
Let z(p) = p**3 - 7*p**2 + 6*p + 1. Give z(6).
1
Let u(g) = 52*g - 221. Determine u(4).
-13
Let f(t) = 13*t - 41. What is f(3)?
-2
Let o(z) = -2*z**2 - 10*z - 16. Give o(-2).
-4
Let g(v) = v**2 + 5. Determine g(5).
30
Let c(p) = 21*p - 63. Give c(7).
84
Let d(u) = -u**3 - 14*u**2 - 32*u + 8. Determine d(-11).
-3
Let d(a) = -7*a + 18. Give d(0).
18
Let c(i) = i + 12. Determine c(6).
18
Let l(p) = -p**3 - 20*p**2 + 22*p + 15. What is l(-21)?
-6
Let h(g) = -g**3 - 22*g**2 - 42*g + 14. What is h(-20)?
54
Let w(k) = -5*k + 37. Calculate w(9).
-8
Let i(o) = -7*o + 1. Calculate i(1).
-6
Let z(l) = -10*l - 5. What is z(-4)?
35
Let s(x) = -2*x**2 + 7*x - 1. What is s(3)?
2
Let o(v) = -9*v - 69. Calculate o(-13).
48
Let s(p) = p**3 + 4*p**2 + p. Determine s(-4).
-4
Let o(c) = -2*c**3 - 7*c**2 + 44*c + 163. Determine o(-4).
3
Let n(t) = t**3 - 16*t + 18. Determine n(4).
18
Let h(l) = l**3 + 8*l**2 - 9*l - 14. Give h(-10).
-124
Let p(j) = j**3 + 18*j**2 + 32*j + 6. Give p(-16).
6
Let z(j) = -7*j + 25. Give z(-8).
81
Let p(n) = 2*n**2 - 2*n + 1. What is p(4)?
25
Let q(b) = 20*b**2 - 18*b + 2. What is q(3)?
128
Let h(y) = -4*y**2 + 5*y - 8. Calculate h(2).
-14
Let f(b) = b**3 + 5*b**2 + 2*b + 50. What is f(-6)?
2
Let j(w) = w - 3. Give j(-7).
-10
Let m(y) = y**3 - 3*y**2 + 2*y - 4. Determine m(2).
-4
Let i(x) = -x**3 + 6*x**2 + 42. What is i(7)?
-7
Let j(n) = -n**2 + 21. Calculate j(-6).
-15
Let i(g) = -g - 46. What is i(-14)?
-32
Let n(p) = -p**2 - 5*p + 84. What is n(-12)?
0
Let d(j) = 2*j**2 - 22*j - 21. What is d(12)?
3
Let r(z) = z**2 + 5*z + 7. Determine r(-4).
3
Let f(r) = -2*r**2 + 20*r + 7. Give f(9).
25
Let x(z) = 34*z - 1. Give x(1).
33
Let t(g) = g**2 + 2*g + 8. Calculate t(-7).
43
Let q(c) = c**2 - 27*c + 40. Calculate q(27).
40
Let w(i) = 5*i + 3. Determine w(8).
43
Let h(u) = -19*u - 11. Calculate h(-4).
65
Let w(c) = 3*c - 1. Determine w(20).
59
Let m(l) = 17*l - 8. Give m(7).
111
Let i(d) = -76*d - 2. What is i(1)?
-78
Let s(d) = -d**2 + 11*d + 25. What is s(12)?
13
Let k(m) = 3*m**2 + 17*m + 8. Give k(-8).
64
Let f(q) = -q**2 - 25*q - 64. Determine f(-20).
36
Let f(w) = w**3 + 20*w**2 - 121*w + 107. Determine f(-25).
7
Let p(